 factors of 1309405?
5, 261881
What are the prime factors of 362346?
2, 3, 131, 461
What are the prime factors of 4028810?
2, 5, 402881
List the prime factors of 737202.
2, 3, 122867
List the prime factors of 170647.
170647
What are the prime factors of 953955?
3, 5, 17, 29, 43
What are the prime factors of 77070?
2, 3, 5, 7, 367
What are the prime factors of 2859122?
2, 7, 443, 461
List the prime factors of 719862.
2, 3, 11, 13, 839
What are the prime factors of 1430983?
263, 5441
What are the prime factors of 3548681?
3548681
What are the prime factors of 559942?
2, 149, 1879
What are the prime factors of 14276325?
3, 5, 7, 71, 383
List the prime factors of 573129.
3, 21227
List the prime factors of 30093934.
2, 13, 113, 10243
List the prime factors of 1256812.
2, 19, 23, 719
What are the prime factors of 2705569?
2705569
List the prime factors of 479201.
479201
What are the prime factors of 276222?
2, 3, 19, 2423
What are the prime factors of 8515428?
2, 3, 23, 30853
What are the prime factors of 1644162?
2, 3, 13, 107, 197
What are the prime factors of 1109241?
3, 7, 5869
List the prime factors of 23932.
2, 31, 193
List the prime factors of 1897931.
7, 17, 41, 389
List the prime factors of 250777.
250777
What are the prime factors of 1890190?
2, 5, 189019
What are the prime factors of 459487?
7, 41, 1601
List the prime factors of 470371.
11, 61, 701
What are the prime factors of 22652442?
2, 3, 1258469
List the prime factors of 1204474.
2, 31, 19427
List the prime factors of 522056.
2, 65257
List the prime factors of 15205307.
13, 283, 4133
List the prime factors of 4868121.
3, 1622707
List the prime factors of 10728820.
2, 5, 536441
List the prime factors of 3186563.
787, 4049
What are the prime factors of 460265?
5, 13, 73, 97
List the prime factors of 208293.
3, 69431
List the prime factors of 30609690.
2, 3, 5, 17, 47, 1277
List the prime factors of 25443.
3, 11, 257
What are the prime factors of 529813?
529813
What are the prime factors of 439577?
439577
List the prime factors of 3009871.
43, 69997
What are the prime factors of 23846520?
2, 3, 5, 19, 10459
What are the prime factors of 6481800?
2, 3, 5, 13, 277
List the prime factors of 945528.
2, 3, 39397
List the prime factors of 541440.
2, 3, 5, 47
List the prime factors of 1853208.
2, 3, 7, 3677
List the prime factors of 1344309.
3, 17, 43, 613
List the prime factors of 868991.
137, 6343
What are the prime factors of 192599?
11, 17509
List the prime factors of 5887570.
2, 5, 13, 45289
List the prime factors of 17612.
2, 7, 17, 37
List the prime factors of 7550.
2, 5, 151
What are the prime factors of 503122?
2, 251561
List the prime factors of 3517195.
5, 11, 63949
List the prime factors of 291193.
7, 17, 2447
List the prime factors of 588555.
3, 5, 11, 29, 41
List the prime factors of 715846.
2, 359, 997
What are the prime factors of 4479310?
2, 5, 11, 43, 947
List the prime factors of 195196.
2, 48799
What are the prime factors of 6230797?
6230797
What are the prime factors of 1351342?
2, 23, 29, 1013
List the prime factors of 4310834.
2, 11, 19, 10313
List the prime factors of 4676400.
2, 3, 5, 433
List the prime factors of 39134849.
13, 173, 17401
List the prime factors of 14221.
14221
List the prime factors of 78.
2, 3, 13
List the prime factors of 260206.
2, 281, 463
What are the prime factors of 17745225?
3, 5, 223, 1061
List the prime factors of 213631.
11, 19421
List the prime factors of 994938.
2, 3, 7, 23689
What are the prime factors of 2682137?
317, 8461
What are the prime factors of 1070829?
3, 43, 2767
What are the prime factors of 7623987?
3, 7, 363047
List the prime factors of 254702.
2, 7, 23, 113
List the prime factors of 5599112.
2, 109, 6421
List the prime factors of 1176854.
2, 7, 84061
List the prime factors of 7974665.
5, 1594933
List the prime factors of 22406332.
2, 13, 430891
What are the prime factors of 6263434?
2, 37, 53, 1597
What are the prime factors of 3426915?
3, 5, 228461
What are the prime factors of 827310?
2, 3, 5, 11, 23, 109
List the prime factors of 11493677.
13, 884129
What are the prime factors of 1338861?
3, 67, 6661
List the prime factors of 7183030.
2, 5, 718303
What are the prime factors of 16558?
2, 17, 487
What are the prime factors of 181227?
3, 193, 313
What are the prime factors of 1617368?
2, 41, 4931
List the prime factors of 475881.
3, 7, 17, 31, 43
List the prime factors of 1916400.
2, 3, 5, 1597
What are the prime factors of 1740556?
2, 435139
List the prime factors of 9763313.
7, 113, 12343
What are the prime factors of 117782?
2, 7, 47, 179
What are the prime factors of 8838551?
8838551
List the prime factors of 789624.
2, 3, 11, 997
List the prime factors of 514947.
3, 17, 23, 439
What are the prime factors of 5071086?
2, 3, 23, 1361
What are the prime factors of 165672?
2, 3, 13, 59
What are the prime factors of 1901924?
2, 59, 8059
What are the prime factors of 6386335?
5, 1277267
List the prime factors of 3765990.
2, 3, 5, 19, 6607
What are the prime factors of 77973?
3, 7, 47, 79
What are the prime factors of 3368176?
2, 7, 17, 29, 61
List the prime factors of 55071.
3, 29, 211
What are the prime factors of 113569?
337
What are the prime factors of 476919?
3, 19, 2789
What are the prime factors of 32337151?
7, 11, 41, 10243
List the prime factors of 25630339.
7, 17, 215381
What are the prime factors of 1763040?
2, 3, 5, 3673
List the prime factors of 1611933.
3, 571, 941
List the prime factors of 19013184.
2, 3, 11003
What are the prime factors of 646521?
3, 215507
List the prime factors of 37987329.
3, 23, 550541
What are the prime factors of 382566?
2, 3, 63761
List the prime factors of 5706473.
37, 154229
What are the prime factors of 28697483?
1319, 21757
What are the prime factors of 2220711?
3, 740237
What are the prime factors of 1900075?
5, 76003
List the prime factors of 6351673.
6351673
What are the prime factors of 1722660?
2, 3, 5, 28711
What are the prime factors of 4819202?
2, 2409601
What are the prime factors of 2361872?
2, 147617
What are the prime factors of 89672?
2, 11, 1019
What are the prime factors of 812678?
2, 406339
What are the prime factors of 2436780?
2, 3, 5, 17, 2389
List the prime factors of 23601.
3, 7867
What are the prime factors of 896343?
3, 7, 42683
List the prime factors of 149700.
2, 3, 5, 499
What are the prime factors of 452366?
2, 226183
List the prime factors of 241978.
2, 11, 17, 647
What are the prime factors of 16433577?
3, 17, 35803
List the prime factors of 7591142.
2, 13, 37, 607
What are the prime factors of 1961411?
1961411
List the prime factors of 439533.
3, 73, 223
What are the prime factors of 2507454?
2, 3, 139303
List the prime factors of 107837.
107837
List the prime factors of 2751863.
2751863
List the prime factors of 34217897.
7, 4888271
What are the prime factors of 381693?
3, 13, 9787
What are the prime factors of 143875?
5, 1151
What are the prime factors of 856187?
856187
List the prime factors of 962514.
2, 3, 7, 7639
List the prime factors of 2695940.
2, 5, 13, 10369
What are the prime factors of 13342604?
2, 11, 71, 4271
List the prime factors of 163020.
2, 3, 5, 11, 13, 19
What are the prime factors of 12509204?
2, 3127301
List the prime factors of 632218.
2, 316109
What are the prime factors of 12700854?
2, 3, 19, 12379
List the prime factors of 112200.
2, 3, 5, 11, 17
What are the prime factors of 1522155?
3, 5, 101477
List the prime factors of 395052.
2, 3, 7, 4703
List the prime factors of 14455302.
2, 3, 2409217
What are the prime factors of 19139473?
23, 832151
What are the prime factors of 942770?
2, 5, 23, 4099
List the prime factors of 2054893.
181, 11353
List the prime factors of 6495045.
3, 5, 433003
List the prime factors of 1251389.
179, 6991
List the prime factors of 121133.
29, 4177
List the prime factors of 5068058.
2, 2534029
What are the prime factors of 2484693?
3, 53, 5209
What are the prime factors of 115689?
3, 7, 787
What are the prime factors of 103510?
2, 5, 11, 941
List the prime factors of 2371881.
3, 29, 137, 199
List the prime factors of 8875673.
43, 206411
List the prime factors of 268646.
2, 7, 31, 619
What are the prime factors of 4836526?
2, 19, 127277
What are the prime factors of 979845?
3, 5, 65323
What are 